?
5
What is the millions digit of 3849384?
3
What is the hundreds digit of 35210?
2
What is the tens digit of 887566?
6
What is the hundreds digit of 608041?
0
What is the ten thousands digit of 2495855?
9
What is the tens digit of 482891?
9
What is the millions digit of 1412233?
1
What is the hundreds digit of 264003?
0
What is the thousands digit of 255085?
5
What is the millions digit of 20802560?
0
What is the hundreds digit of 541667?
6
What is the tens digit of 2348365?
6
What is the ten thousands digit of 236954?
3
What is the ten thousands digit of 27009466?
0
What is the hundreds digit of 106471?
4
What is the hundreds digit of 3353657?
6
What is the tens digit of 874056?
5
What is the hundred thousands digit of 14819354?
8
What is the millions digit of 1187351?
1
What is the ten thousands digit of 4858156?
5
What is the ten thousands digit of 241107?
4
What is the units digit of 953571?
1
What is the units digit of 254845?
5
What is the tens digit of 160906?
0
What is the hundreds digit of 55029?
0
What is the units digit of 9519641?
1
What is the tens digit of 479281?
8
What is the tens digit of 1618548?
4
What is the tens digit of 2115961?
6
What is the thousands digit of 910752?
0
What is the tens digit of 7729457?
5
What is the ten thousands digit of 15448?
1
What is the hundred thousands digit of 714182?
7
What is the tens digit of 9208840?
4
What is the millions digit of 1573820?
1
What is the ten thousands digit of 946164?
4
What is the tens digit of 101753?
5
What is the hundred thousands digit of 12220248?
2
What is the ten thousands digit of 180267?
8
What is the units digit of 657740?
0
What is the thousands digit of 1333689?
3
What is the ten thousands digit of 36182?
3
What is the hundreds digit of 225484?
4
What is the ten thousands digit of 287034?
8
What is the units digit of 465895?
5
What is the thousands digit of 253078?
3
What is the hundreds digit of 1724114?
1
What is the hundreds digit of 6502057?
0
What is the units digit of 3706083?
3
What is the hundreds digit of 178025?
0
What is the millions digit of 12749455?
2
What is the hundred thousands digit of 4592241?
5
What is the millions digit of 8145228?
8
What is the tens digit of 1257225?
2
What is the hundred thousands digit of 1200158?
2
What is the ten thousands digit of 121459?
2
What is the millions digit of 6640648?
6
What is the tens digit of 677129?
2
What is the tens digit of 7793539?
3
What is the units digit of 14202783?
3
What is the tens digit of 32682558?
5
What is the units digit of 1767292?
2
What is the hundreds digit of 305749?
7
What is the hundreds digit of 2028919?
9
What is the thousands digit of 9346014?
6
What is the units digit of 152468?
8
What is the tens digit of 338325?
2
What is the tens digit of 141271?
7
What is the hundred thousands digit of 8749555?
7
What is the ten thousands digit of 465902?
6
What is the ten thousands digit of 24866?
2
What is the hundred thousands digit of 105233?
1
What is the units digit of 2496647?
7
What is the thousands digit of 310315?
0
What is the units digit of 22065?
5
What is the millions digit of 4523933?
4
What is the millions digit of 8951974?
8
What is the tens digit of 1519703?
0
What is the hundreds digit of 5361491?
4
What is the ten thousands digit of 71211?
7
What is the hundred thousands digit of 188000?
1
What is the ten thousands digit of 260502?
6
What is the ten thousands digit of 165373?
6
What is the hundred thousands digit of 265138?
2
What is the ten thousands digit of 24503422?
0
What is the hundred thousands digit of 229652?
2
What is the units digit of 289401?
1
What is the thousands digit of 318944?
8
What is the hundreds digit of 67302?
3
What is the hundreds digit of 977710?
7
What is the tens digit of 14586971?
7
What is the thousands digit of 2293253?
3
What is the ten millions digit of 10850269?
1
What is the units digit of 3688817?
7
What is the thousands digit of 202911?
2
What is the hundreds digit of 2945487?
4
What is the hundreds digit of 3377771?
7
What is the thousands digit of 110416?
0
What is the tens digit of 1062334?
3
What is the units digit of 3273364?
4
What is the tens digit of 8116312?
1
What is the tens digit of 804325?
2
What is the thousands digit of 382046?
2
What is the units digit of 908126?
6
What is the units digit of 16028694?
4
What is the thousands digit of 9793204?
3
What is the tens digit of 2972092?
9
What is the hundred thousands digit of 3963937?
9
What is the units digit of 267942?
2
What is the units digit of 52138?
8
What is the units digit of 9501500?
0
What is the tens digit of 1132339?
3
What is the hundreds digit of 1991022?
0
What is the units digit of 105991?
1
What is the tens digit of 547466?
6
What is the hundreds digit of 451493?
4
What is the hundred thousands digit of 5224320?
2
What is the ten thousands digit of 2356059?
5
What is the ten thousands digit of 3087705?
8
What is the tens digit of 97671?
7
What is the hundreds digit of 162027?
0
What is the hundred thousands digit of 229822?
2
What is the thousands digit of 304816?
4
What is the hundreds digit of 6979904?
9
What is the hundreds digit of 486767?
7
What is the tens digit of 15857774?
7
What is the tens digit of 41974?
7
What is the units digit of 1124658?
8
What is the hundred thousands digit of 200730?
2
What is the thousands digit of 3729420?
9
What is the units digit of 803442?
2
What is the millions digit of 4069818?
4
What is the hundreds digit of 10451205?
2
What is the thousands digit of 843761?
3
What is the tens digit of 1310699?
9
What is the thousands digit of 168461?
8
What is the ten thousands digit of 94461?
9
What is the hundreds digit of 37537?
5
What is the thousands digit of 498561?
8
What is the ten thousands digit of 910532?
1
What is the millions digit of 2920633?
2
What is the ten millions digit of 13369767?
1
What is the hundred thousands digit of 21885204?
8
What is the ten thousands digit of 224074?
2
What is the hundred thousands digit of 29484037?
4
What is the units digit of 2060508?
8
What is the thousands digit of 344170?
4
What is the ten thousands digit of 8356670?
5
What is the tens digit of 90426?
2
What is the hundred thousands digit of 3101066?
1
What is the tens digit of 5383044?
4
What is the tens digit of 1873976?
7
What is the tens digit of 10528?
2
What is the ten thousands digit of 608118?
0
What is the ten thousands digit of 810369?
1
What is the hundreds digit of 7448736?
7
What is the thousands digit of 107901?
7
What is the hundred thousands digit of 114537?
1
What is the hundred thousands digit of 3173049?
1
What is the tens digit of 7169422?
2
What is the hundred thousands digit of 15906810?
9
What is the units digit of 139867?
7
What is the thousands digit of 522059?
2
What is the tens digit of 86637?
3
What is the millions digit of 1322712?
1
What is the tens digit of 130562?
6
What is the units digit of 450782?
2
What is the millions digit of 2647400?
2
What is the units digit of 292195?
5
What is the hundred thousands digit of 2128027?
1
What is the hundreds digit of 515499?
4
What is the ten thousands digit of 21723984?
2
What is the millions digit of 5375436?
5
What is the thousands digit of 2772525?
2
What is the tens digit of 1483532?
3
What is the units digit of 65254?
4
What is the thousands digit of 29072727?
2
What is the thousands digit of 386535?
6
What is the millions digit of 3949594?
3
What is the tens digit of 4484771?
7
What is the ten thousands digit of 2001182?
0
What is the hundreds digit of 1367952?
9
What is the tens digit of 522966?
6
What is the hundreds digit of 6901030?
0
What is the ten thousands digit of 6510220?
1
What is the millions digit of 4584582?
4
What is the ten thousands digit of 210511?
1
What is the ten millions digit of 15743167?
1
What is the hundreds digit of 4933564?
5
What is the thousands digit of 427983?
7
What is the hundred thousands digit of 791686?
7
What is the hundreds digit of 13538595?
5
What is the tens digit of 1655769?
6
What is the ten thousands digit of 238691?
3
What is the hundred thousands digit of 10670112?
6
What is the thousands digit of 1855504?
5
What is the ten thousands digit of 4090899?
9
What is the hundreds digit of 83143?
1
What is